dreds digit of 206108204?
2
What is the hundred millions digit of 432811427?
4
What is the thousands digit of 262318990?
8
What is the tens digit of 37229632?
3
What is the hundreds digit of 832281241?
2
What is the hundred millions digit of 5419816401?
4
What is the ten thousands digit of 1207071687?
7
What is the millions digit of 93206621?
3
What is the tens digit of 1697386819?
1
What is the units digit of 2411137400?
0
What is the units digit of 45331382?
2
What is the millions digit of 298966493?
8
What is the hundreds digit of 5868415831?
8
What is the millions digit of 4406373848?
6
What is the hundreds digit of 68257656?
6
What is the tens digit of 71796985?
8
What is the millions digit of 53339713?
3
What is the ten millions digit of 586535672?
8
What is the millions digit of 21776754?
1
What is the hundred thousands digit of 922859562?
8
What is the ten thousands digit of 757666958?
6
What is the ten millions digit of 4910545218?
1
What is the hundreds digit of 89051924?
9
What is the units digit of 170308496?
6
What is the ten thousands digit of 4394715?
9
What is the ten thousands digit of 377850009?
5
What is the units digit of 112871941?
1
What is the hundreds digit of 609071551?
5
What is the units digit of 1753428456?
6
What is the ten thousands digit of 735538482?
3
What is the tens digit of 388458503?
0
What is the hundreds digit of 3102552816?
8
What is the millions digit of 481143081?
1
What is the hundred thousands digit of 85975972?
9
What is the ten thousands digit of 150157251?
5
What is the millions digit of 391571194?
1
What is the hundreds digit of 45226836?
8
What is the ten thousands digit of 4830190676?
9
What is the tens digit of 20429972?
7
What is the tens digit of 1794653590?
9
What is the millions digit of 43712866?
3
What is the millions digit of 234555343?
4
What is the tens digit of 1791043610?
1
What is the ten thousands digit of 94833592?
3
What is the tens digit of 52554866?
6
What is the thousands digit of 177800551?
0
What is the hundred thousands digit of 2873791674?
7
What is the thousands digit of 1290768674?
8
What is the thousands digit of 41961336?
1
What is the hundred thousands digit of 50854253?
8
What is the tens digit of 2276797270?
7
What is the units digit of 391831436?
6
What is the millions digit of 43616639?
3
What is the units digit of 673699533?
3
What is the hundreds digit of 2186237678?
6
What is the billions digit of 1262187079?
1
What is the tens digit of 6489842215?
1
What is the tens digit of 443076485?
8
What is the hundred thousands digit of 11026880?
0
What is the tens digit of 138614527?
2
What is the hundred thousands digit of 396103764?
1
What is the tens digit of 37910280?
8
What is the ten thousands digit of 1231368260?
6
What is the hundreds digit of 1561448739?
7
What is the hundreds digit of 47435464?
4
What is the hundreds digit of 717031182?
1
What is the hundred thousands digit of 1670057268?
0
What is the hundreds digit of 202190149?
1
What is the hundred thousands digit of 914439?
9
What is the units digit of 113803734?
4
What is the ten millions digit of 50973401?
5
What is the thousands digit of 20293583?
3
What is the hundred thousands digit of 135694393?
6
What is the ten thousands digit of 69515944?
1
What is the thousands digit of 965308474?
8
What is the millions digit of 186819326?
6
What is the ten thousands digit of 812177139?
7
What is the thousands digit of 2861981977?
1
What is the ten thousands digit of 208426518?
2
What is the thousands digit of 497261885?
1
What is the units digit of 672410182?
2
What is the ten thousands digit of 26553629?
5
What is the hundred thousands digit of 1177158614?
1
What is the thousands digit of 96282995?
2
What is the millions digit of 18962335?
8
What is the units digit of 1759281584?
4
What is the ten thousands digit of 1451291795?
9
What is the hundred thousands digit of 30582615?
5
What is the hundred millions digit of 6055320419?
0
What is the units digit of 515598937?
7
What is the hundred thousands digit of 4766412215?
4
What is the thousands digit of 265439389?
9
What is the units digit of 229290297?
7
What is the ten millions digit of 133945658?
3
What is the ten thousands digit of 62453484?
5
What is the units digit of 168072866?
6
What is the ten millions digit of 50398065?
5
What is the hundreds digit of 57681583?
5
What is the ten thousands digit of 77382295?
8
What is the tens digit of 2048448202?
0
What is the hundreds digit of 831622392?
3
What is the millions digit of 55585596?
5
What is the thousands digit of 341645778?
5
What is the tens digit of 148768362?
6
What is the ten thousands digit of 1746418346?
1
What is the thousands digit of 23513565?
3
What is the tens digit of 37523780?
8
What is the ten millions digit of 79902488?
7
What is the millions digit of 5459405?
5
What is the hundred millions digit of 1896105258?
8
What is the tens digit of 29219207?
0
What is the hundred millions digit of 349802475?
3
What is the ten thousands digit of 39718964?
1
What is the thousands digit of 238323102?
3
What is the hundred millions digit of 316545638?
3
What is the ten thousands digit of 278227795?
2
What is the hundred thousands digit of 74258481?
2
What is the thousands digit of 42722715?
2
What is the units digit of 142665217?
7
What is the hundred millions digit of 1010793553?
0
What is the thousands digit of 15979154?
9
What is the units digit of 28320341?
1
What is the millions digit of 56406642?
6
What is the hundred thousands digit of 882219725?
2
What is the units digit of 912579137?
7
What is the hundreds digit of 119089067?
0
What is the ten thousands digit of 5469130?
6
What is the thousands digit of 1270693773?
3
What is the ten millions digit of 2721012444?
2
What is the ten thousands digit of 33674939?
7
What is the hundreds digit of 154172960?
9
What is the ten millions digit of 808774365?
0
What is the ten thousands digit of 167219049?
1
What is the thousands digit of 28303994?
3
What is the tens digit of 79550939?
3
What is the tens digit of 3080664601?
0
What is the hundred thousands digit of 898831553?
8
What is the hundred thousands digit of 440290167?
2
What is the ten thousands digit of 28403366?
0
What is the millions digit of 32650645?
2
What is the thousands digit of 48618595?
8
What is the millions digit of 52593160?
2
What is the thousands digit of 2285098295?
8
What is the ten thousands digit of 214248711?
4
What is the hundred thousands digit of 157842940?
8
What is the units digit of 300301050?
0
What is the hundred millions digit of 4843461983?
8
What is the millions digit of 208713578?
8
What is the tens digit of 13315979?
7
What is the ten thousands digit of 32141367?
4
What is the hundred thousands digit of 5197929098?
9
What is the hundreds digit of 3293596250?
2
What is the hundred thousands digit of 89400907?
4
What is the hundred millions digit of 469974275?
4
What is the millions digit of 6412346?
6
What is the hundreds digit of 214010275?
2
What is the units digit of 4681257143?
3
What is the hundreds digit of 1788112551?
5
What is the hundred thousands digit of 321401784?
4
What is the millions digit of 683595478?
3
What is the ten thousands digit of 18086774?
8
What is the hundred thousands digit of 223397463?
3
What is the tens digit of 498441996?
9
What is the millions digit of 1943885587?
3
What is the hundred millions digit of 1227625639?
2
What is the tens digit of 606495212?
1
What is the hundreds digit of 3378962899?
8
What is the ten thousands digit of 68311077?
1
What is the hundred millions digit of 167467198?
1
What is the hundred thousands digit of 2564175054?
1
What is the tens digit of 56953447?
4
What is the hundreds digit of 142106431?
4
What is the hundred thousands digit of 5446554805?
5
What is the ten thousands digit of 302852828?
5
What is the tens digit of 48777539?
3
What is the tens digit of 36061023?
2
What is the hundred thousands digit of 122031057?
0
What is the tens digit of 25319595?
9
What is the ten thousands digit of 331382684?
8
What is the ten millions digit of 81725280?
8
What is the hundred millions digit of 157666655?
1
What is the hundreds digit of 97196439?
4
What is the hundred thousands digit of 1934390147?
3
Wh